he remainder when 1312 is divided by (-4)/(32/(-2)) + 1164/16.
71
Let a be 2 + ((-4)/8 + -3)*-10. What is the remainder when 4*(a*(0 + -1))/(-2) is divided by 20?
14
Suppose 0 = 8*r + 21*r - 1827. Calculate the remainder when r is divided by 8/(2/4 + 0).
15
Suppose -410 = 5*o + 2*n - 1149, -5*n = 4*o - 581. What is the remainder when o is divided by 30?
29
Suppose -c - 15*q + 120 = -13*q, -3*c - 5*q + 355 = 0. Let i = -79 - -116. Calculate the remainder when c is divided by i.
36
Let c = 568 - 511. Calculate the remainder when 220 is divided by c.
49
Let n = -136 + 148. What is the remainder when 48 is divided by -8*6/n + 15?
4
Let b(s) = -s**3 - 13*s**2 - 17*s + 5. What is the remainder when 1038 is divided by b(-12)?
63
Let t = -11 - -35. Suppose 6*h = 9*h - 3*v - 120, -2*h + 98 = 4*v. What is the remainder when h is divided by t?
19
Let p(a) = -3*a - 16. Let b be p(-6). Suppose 3*z + b*j - 4*j - 45 = 0, 0 = j. Suppose -6*o = -54 - 180. What is the remainder when o is divided by z?
9
Let n(p) = p**3 - 12*p**2 + 21*p - 5. Let q be n(10). Suppose -q*b - 19 = -29. What is the remainder when 2 is divided by b?
0
Suppose 0 = 3*u + 19 - 97. Calculate the remainder when 100 is divided by u.
22
What is the remainder when (-43*4 - 2)*(-4)/12 is divided by 34?
24
Let d = -44 + 74. Let i = 19 + -16. Suppose -4*v + y + 32 = 0, 0*y - 24 = -i*v + 4*y. Calculate the remainder when d is divided by v.
6
Suppose 0*w + 5*t = -w + 20, w - 3*t - 44 = 0. Suppose -2*n + 25 = -113. Calculate the remainder when n is divided by w.
34
Suppose -3*m + 2*x = -0*x - 15, m - 5*x - 5 = 0. Suppose 3*r = 3*w - w + 252, -r + 84 = -m*w. What is the remainder when r is divided by 29?
26
Let j(p) be the third derivative of 17*p**4/24 + p**3/3 - 5*p**2. Let x be j(2). Let l = -11 + x. Calculate the remainder when l is divided by 7.
4
Suppose -1453 = -z - 1431. Calculate the remainder when 305 is divided by z.
19
Let u = 50 - 35. Suppose -13 = -3*p + 2*m, 2*p + 3*p - 3*m = 22. Suppose p*j - j = 24. Calculate the remainder when u is divided by j.
3
Suppose 3 - 1 = 2*c, -3*j - 5*c = -164. Let v = j - 48. Calculate the remainder when v is divided by 1.
0
Let c = 36 + -23. Let i(f) = -1014*f + 4076. Calculate the remainder when i(4) is divided by c.
7
Let o = 570 - 362. Calculate the remainder when o is divided by 19.
18
Let s(b) = b**3 + 13*b**2 + b + 50. What is the remainder when s(-13) is divided by 14?
9
Let m = 87 + -62. Suppose -79*z + 6193 = 8*z - 2420. What is the remainder when z is divided by m?
24
Calculate the remainder when 381 is divided by (-1367)/(-15) + 252/(-1890).
17
What is the remainder when (-6)/33 + 1200/66 + 3 is divided by 14?
7
Suppose -3*s - 2*s = -5*z + 35, -3*s = -4*z + 23. Suppose -2*y = 3*y + 3*f - 111, z*y = -5*f + 52. Calculate the remainder when 81 is divided by y.
18
What is the remainder when (292/(-60)*3)/(1/(-5)) is divided by 13?
8
Let t = 154 + -40. Let h be t/7 + 8/(-28). Suppose -3*a + 50 = -h. What is the remainder when 63 is divided by a?
19
Let b be -4 - 132/(-16) - (-1)/(-4). Suppose -5*f + 3*c = -0*c - 54, 0 = b*c + 12. Calculate the remainder when 42 is divided by f.
6
Let g = -9 + 20. Let v(x) = -x**2 - 45*x - 471. Calculate the remainder when g is divided by v(-17).
1
What is the remainder when 37 is divided by (-2)/(-9) - (-3)/((-270)/(-700))?
5
Let t = 1791 + -1398. Calculate the remainder when t is divided by 128.
9
Suppose 21*u - 695 = 208. Calculate the remainder when u is divided by 13.
4
Let w = 56 - 160. Let g be w/(-28) + (-4)/(-14). Suppose -28 = g*s - 92. What is the remainder when 63 is divided by s?
15
Let u be ((-6)/30)/(-1) - (-38)/10. Let j = u + 22. What is the remainder when 91 is divided by j?
13
Suppose 2*o = 3*o - 1. What is the remainder when 112 is divided by o - (-24 + (-4 - -6))?
20
Let d = 59 - 58. Suppose -z - d + 35 = 0. Let h(o) = -o**3 - 6*o**2 + 4*o - 2. Calculate the remainder when z is divided by h(-7).
15
Let h = -1 - -16. Let v = h - -1. Calculate the remainder when 45 is divided by v.
13
Let x(l) = -l**3 + 6. Let j be x(3). Let w = j + 38. Let y = 117 - 50. What is the remainder when y is divided by w?
16
Let q = 68 + -15. What is the remainder when 277 is divided by q?
12
Suppose 4*n + 88 = 260. Suppose 2*q - 33 = n. Suppose 46 = 4*y - 2*w, -q = -y - y - 4*w. What is the remainder when 64 is divided by y?
12
Let v(l) be the third derivative of -l**4/8 + l**3/2 - 10*l**2. What is the remainder when v(-3) is divided by 4?
0
Let w(i) = i**2 - i + 9. Suppose 13 = p - 158. Suppose -r = 2*r - p. What is the remainder when r is divided by w(5)?
28
Let r = 119 - 32. What is the remainder when r is divided by 23?
18
Let w(o) = 3*o + 24. Let j be w(-8). Suppose j = -34*l + 39*l - 75. Calculate the remainder when 71 is divided by l.
11
Let k = 404 - 384. What is the remainder when 118 is divided by k?
18
Calculate the remainder when 218/2 - 3 - (29 + -31) is divided by 36.
0
Calculate the remainder when 122 is divided by (282/18)/(4/12).
28
Let s(r) = r**3 - 6*r**2 + 2*r - 7. Let p be s(3). Let o = 47 + p. What is the remainder when (-214)/(-6) - (-4)/(-6) is divided by o?
16
Let x = -145 + 33. Let b = -66 - x. What is the remainder when b is divided by 18?
10
Suppose 4*l + 3*i = -0*l + 1, -4*l = -2*i - 6. Calculate the remainder when 3 is divided by (-285)/380 + (38/8 - l).
0
Let f(r) = -7*r - 7. Let x be f(-5). Let a = x - -9. Let y = -26 + 45. Calculate the remainder when a is divided by y.
18
Suppose g = -s + 8, 0 = 2*s - 5*g + 5 - 0. Calculate the remainder when 67 is divided by s.
2
Suppose 0 = -j + 6*j - 10. Let f be (-8 + 7)*(-10)/j. Suppose -f*q = -2*r - 28 + 121, 0 = -2*r + 4*q + 96. What is the remainder when r is divided by 14?
12
Let r = -1236 - -1329. Calculate the remainder when 460 is divided by r.
88
Let a(n) = 2*n - 21. Let c be a(14). Suppose 0 = -w + 32 - c. Calculate the remainder when w is divided by 6.
1
Let c = -616 + 1274. Let d(h) = 4*h**2 + 3*h + 2. Calculate the remainder when 6/4*c/21 is divided by d(-2).
11
Let w = -2216 + 2439. What is the remainder when 234 is divided by w?
11
Suppose -68*i + 78 = -62*i. What is the remainder when i is divided by 8?
5
Let g(d) = 13*d + 81. Calculate the remainder when 99 is divided by g(-6).
0
Let p(o) = 4*o + 3. Let k(s) = s**2. Let f(j) = -k(j) + p(j). Let u = -176 + 180. What is the remainder when 7 is divided by f(u)?
1
Let v = 1902 - 1862. Calculate the remainder when 51 is divided by v.
11
Let v = 812 - 766. What is the remainder when 365 is divided by v?
43
Let k = -134 - -174. Calculate the remainder when k is divided by 6.
4
Suppose -6 = -4*j + 7*j. Suppose 5*u = 3*t + 186, 3*t = 3*u + u - 150. What is the remainder when (j - 22/(-4))*30 is divided by u?
33
Let v(a) = -3*a + 7. Suppose 0 = -5*l - 1 + 26. Suppose 62 = l*q + 22. Calculate the remainder when v(-5) is divided by q.
6
Calculate the remainder when (-4 + 1)/(12/(-160)) is divided by 7.
5
Let t(n) = -7*n + 23. Let i(l) = -6*l + 23. Let x(q) = -5*i(q) + 4*t(q). What is the remainder when x(15) is divided by 5?
2
Let m(l) = -l + 31. Let p be (-2 - -2)/(-1 - 1). Suppose p = -3*j + 3*a + 18, 2*j + a = 2*a + 10. Calculate the remainder when m(22) is divided by j.
1
Suppose -2*s - 4 = 0, -4*s = -11*p + 6*p + 323. Calculate the remainder when 62 is divided by 2/(12/p)*2.
20
Let d(s) = 60*s + 1. What is the remainder when d(1) is divided by (2 - (5 - 0))*-7?
19
Let u = 43 - 29. Suppose -4*h - 72 = -4*k, -h - u = -k + h. What is the remainder when 130 is divided by k?
20
Suppose -n = n + 30. Let y = 23 + n. Calculate the remainder when y is divided by 5.
3
Let k be 30/(-2)*7/(-35). Suppose k = -3*z + 9, 2*z = 3*o - 50. Let l = 54 + -19. Calculate the remainder when l is divided by o.
17
Let l = 263 - 227. Let c = -30 - -44. Calculate the remainder when l is divided by c.
8
Let v(z) = 17*z + 3 - 9 + z**2 - 2*z**2. Let p = -585 + 601. What is the remainder when 29 is divided by v(p)?
9
Let c be ((-5)/(-5))/(1/10). Suppose -8*s = -c*s + 50. Calculate the remainder when s is divided by 14.
11
Suppose -4*n - 4*h = -44, -4*n + 12 = -2*h - 2. Let q(l) = l**3 - 6*l**2 + 4*l - 14. What is the remainder when 57 is divided by q(n)?
7
Suppose -5*s + 17 + 8 = 0. Let h(n) = -78*n - 124. Calculat